e the greatest common divisor of w and n.
7
Suppose 3*z - 7*z = 0. Suppose 0 = 3*p + 12, z = -c + p + 3*p + 28. What is the greatest common divisor of c and 8?
4
Let s be (-16)/(-24)*9*(-32)/(-3). Suppose -27 = -4*d + 5. What is the greatest common factor of d and s?
8
Suppose -1 = -3*d + 11. Suppose -d*f - 50 = 62. Let g be 402/8 - (-7)/f. Calculate the highest common factor of 75 and g.
25
Suppose -3 = 2*t + 5*l - 10*l, -t - 2*l + 21 = 0. Let m = 840 + -829. Calculate the highest common factor of m and t.
11
Let d(g) = 14*g**2 + 20*g - 6. Let x be d(-6). What is the highest common factor of x and 14?
14
Let b be 39/1 - (-13)/13. What is the highest common factor of b and 220?
20
Let l be (6 + 2)/(6/9). Let j = l + -11. What is the highest common factor of 7 and j?
1
Let y be (6/8)/((-1)/(-8)). Suppose 0 = 4*v + y*i - 2*i - 44, -i - 49 = -4*v. Calculate the greatest common divisor of 120 and v.
12
Suppose 4*d + 160 = -y, -y + 0*y = 0. Let f = 44 + d. Let t = 46 - 22. What is the greatest common divisor of f and t?
4
Let h(l) = l**2 + 16*l + 43. Let p be h(-17). Calculate the greatest common divisor of 75 and p.
15
Let f be 9 + -11 - (-38 - 2). Let r be 536/f + 10/(-95). Calculate the greatest common divisor of r and 112.
14
Let w be -6*8/(-36)*-24. Let q = -23 - w. What is the highest common divisor of q and 1?
1
Let p be 70/20*60/21. Let a be (360/42)/(4/42). Calculate the greatest common divisor of a and p.
10
Let k be ((-329)/4)/7 - 4/16. Let i(f) = 2*f**2 + 13*f - 33. Let u be i(k). What is the highest common divisor of 9 and u?
9
Suppose -19*a - 560 = -26*a. What is the greatest common factor of a and 208?
16
Let v(j) = -j**3 - 3*j**2 - 2*j + 1. Let p be v(-3). Let g be (-1)/2 + p/2. Let w be g/(-5) + (-28)/(-5). What is the highest common divisor of 20 and w?
5
Suppose -2*m + 3*m = 8. Suppose 1331 = 3*a - 601. Let y be (-12)/(-27) + a/9. What is the greatest common divisor of m and y?
8
Let i(s) = 2*s**3 - s**2 + 2*s. Let f(p) = 3*p**3 - 2*p**2 + 3*p - 1. Let t(l) = 5*f(l) - 6*i(l). Let y be t(3). What is the greatest common factor of y and 7?
7
Let i(h) = 17*h**2 + 4*h + 7. Let o be i(3). What is the greatest common factor of o and 43?
43
Let z(p) = p**3 - 20*p**2 + 7*p + 69. Let l be z(20). Calculate the greatest common factor of 114 and l.
19
Let x be 78/(-52)*2/(-3)*71. Calculate the greatest common factor of x and 1633.
71
Let x = 13 + -24. Let z(k) = -k**3 - 9*k**2 + 23*k + 12. Let g be z(x). Calculate the highest common divisor of 4 and g.
1
Let w be (-9 - -9)*(-2)/(-8). Suppose -4*u - 4*z - z + 1305 = w, 3*z + 669 = 2*u. Calculate the highest common factor of u and 30.
30
Let g(z) = 60*z + 195. Let i be g(-3). Let s(r) = -r**2 + 9*r - 3. Let v be s(8). What is the greatest common factor of v and i?
5
Suppose -5*y = -10*y + 345. Suppose 0 = -u + 107 + y. Suppose -5*f + 2*h = -80, 77 = 4*f + 5*h + 13. What is the greatest common divisor of u and f?
16
Suppose -o = 3*o - 52. Let k = o + -8. Suppose -87 = -k*s + 193. What is the highest common factor of 14 and s?
14
Suppose 1 = -t + 3*n + 78, -3*t - n + 191 = 0. Let f = t + -46. What is the highest common factor of f and 57?
19
Suppose 0 = t + 4*u - 2*u + 19, 3*u = -5*t - 81. Let g = t + 96. Suppose 5*n - 59 = -14. Calculate the highest common divisor of g and n.
9
Suppose 3*f + 53*t - 50 = 51*t, -5*t = 3*f - 53. Suppose -400 = 3*n - 8*n. Calculate the highest common divisor of f and n.
16
Let w(v) = 2*v**2 - 13*v + 10. Let z be w(9). Let r = z + -42. What is the highest common factor of r and 104?
13
Suppose -4*y - 2 - 14 = 0. Let h be (-6 - -10)*(-27)/y. What is the highest common divisor of 3 and h?
3
Let b(v) = 13*v**2 - 6*v - 6. Let a be b(-4). Let j = a - 82. Let n = -4 - -22. Calculate the greatest common factor of n and j.
18
Let m(i) = -i**2 + 16*i + 37. Let h be (30/(-4))/((-4)/8). Let z be m(h). Calculate the greatest common factor of z and 130.
26
Let v be (240/(-45))/((-2)/9). Calculate the greatest common divisor of 8 and v.
8
Let k(g) = -g**2 + 7*g - 4. Let n be k(6). Suppose 5*t + 2*r - 292 = 0, r = n*t + 3*r - 112. What is the greatest common divisor of t and 12?
12
Suppose 7*r = -r + 16. Calculate the greatest common divisor of r and 13.
1
Suppose 9*i + 4*d - 139 = 0, 8*i - d + 16 = 9*i. Let b be (-1 - (-1 + 1))*-3. Calculate the greatest common factor of i and b.
3
Suppose 0*i - 60 = -5*i. Let c(q) = -q + 15. Let k be c(11). Suppose k*a - 504 = -2*a. Calculate the highest common factor of i and a.
12
Let l be (30/(-40))/((-1)/8). Suppose -l*x + 4 = 16. Let a be 31 + 2 + -4 + x. What is the greatest common factor of 18 and a?
9
Suppose x - 6 = -2*i, 0 = i - 0*i - 2*x + 2. Suppose 3*v - i*q - 8 = 0, 4*q = -3*v - 0 + 2. Let o = 36 - v. Calculate the greatest common divisor of 85 and o.
17
Let p = -1121 - -1130. Calculate the greatest common divisor of 576 and p.
9
Let c(t) = 1 - 331*t + 1 - 2*t**2 + 338*t + t**2. Let b be c(6). Calculate the greatest common factor of 88 and b.
8
Let r be -1 - 36/(-3) - 3. Let n(t) = -21*t**3 - t**2 - t - 1. Let s be n(-1). What is the greatest common factor of s and r?
4
Suppose 0 = -26*l + 215 + 331. Calculate the greatest common divisor of 175 and l.
7
Let k be -2 - -6 - 8 - -12. Let t(s) = -4*s - 12. Let y be t(-13). What is the greatest common divisor of k and y?
8
Let x = 3145 - 2650. What is the highest common factor of x and 405?
45
Let o = -153 - -195. What is the greatest common divisor of 63 and o?
21
Suppose -l - l = 234. Let k = l - -198. Suppose 0 = -0*t - t + 9. What is the highest common factor of t and k?
9
Let j(w) = -w**3 - 7*w**2 - 19*w - 27. Let x be j(-9). Calculate the greatest common divisor of 68 and x.
34
Let c = -6 - -9. Suppose 9 + c = 2*t. Suppose -3*i - 63 = -3*m, -2*i - 108 = m - t*m. What is the greatest common factor of m and 11?
11
Suppose 0 = -10*k - 5 + 1235. What is the greatest common factor of 861 and k?
123
Let w be (-174)/(-9) - 12/9. What is the highest common divisor of 306 and w?
18
Let c(a) = -a**3 + 21*a**2 - 15*a - 36. Let i be c(20). Let x = 96 - i. Calculate the highest common factor of x and 16.
16
Let l be 1/(1/80) - -1. Let f be (-2 - (-6)/4)*(-8)/2. Let d be (5*(-3)/(-25))/(f/30). What is the greatest common divisor of d and l?
9
Suppose 0 = -10*f + 19*f - 6750. Calculate the highest common divisor of f and 30.
30
Let l(m) be the first derivative of -33*m**2/2 + 4*m - 31. Let n be l(-1). What is the highest common divisor of 333 and n?
37
Suppose 3220 = 42*r + 1120. What is the greatest common factor of 225 and r?
25
Let i = -92 + 95. Suppose -3*q = -6, 4*f - i*q + 174 = 6*f. Calculate the highest common divisor of f and 7.
7
Suppose 5*k - 14 = 3*k. Suppose k*n + 15 = -5*h + 4*n, -3*h = 2*n + 9. Let x be (-581)/(-21) - 1/h. What is the greatest common factor of 168 and x?
28
Let o = 464 + 86. Calculate the greatest common factor of o and 50.
50
Let d = 7 - -9. Let z = -59 - -39. Let m be (32/z)/((-2)/5). What is the highest common factor of d and m?
4
Suppose 0*m + 4*m + n = -485, -5 = n. Let k be 12/8*m/(-9). What is the greatest common factor of k and 50?
10
Let n(v) be the first derivative of 10/3*v**3 - 1 - v - 1/2*v**2. Let i be n(-1). Calculate the highest common divisor of 80 and i.
10
Let x(o) = 30*o**3 - o**2 + 1. Let y be x(1). Suppose -165 = -5*s - 6*s. What is the highest common divisor of s and y?
15
Suppose 17*a - 28 = 13*a. Let t = a + 61. Calculate the greatest common factor of 17 and t.
17
Suppose -2*v - 3*f + 0*f + 371 = 0, -v + f = -183. Suppose 9*d = -66 + 273. Calculate the greatest common divisor of d and v.
23
Let b be (-6)/(-5)*((-60)/2 - 0). Let j be (-3)/(b/(-111))*-4. Suppose 5*r - 6*r + 37 = 0. What is the greatest common factor of j and r?
37
Let f be 2*(1 - (-4)/(-8)). Let z(p) = 35*p + 1. Let w be z(f). What is the greatest common factor of 18 and w?
18
Suppose -4*i - 5*y = -24, 2*i - 17*y + 21*y = 18. Let k = -49 - -66. What is the greatest common divisor of k and i?
1
Let c be (-146)/(-30) - 8/(-60). Let j be (-219)/7 - (-8)/28. Let k = 51 + j. What is the greatest common factor of k and c?
5
Let n(l) = l**3 + 20*l**2 - 28. Let y be n(-16). Calculate the highest common factor of y and 24.
12
Let c be (-4)/((-77)/(-84) + -1). Let n be 2/(-5) - (-